9*x - 17. Let z be (15/(-15))/(8/80). Calculate c(z).
-7
Let s(m) = -m**2 + 6*m + 5. Let b = -39 + 46. Calculate s(b).
-2
Let z(p) be the second derivative of 5/2*p**2 + 5/6*p**3 + 1/12*p**4 + 6*p + 0. Give z(-6).
11
Let h(z) = -z - 4. Let p = -193 + 198. Determine h(p).
-9
Let g be (3 - 2)*(-12)/2. Let j(h) = -1. Let x(s) = s - 1. Suppose -6*t - t = -7. Let m(z) = t*x(z) - j(z). Give m(g).
-6
Let x(l) = -l**3 - 4*l**2 + 1. Let c be 10/25 + 48/(-20). What is x(c)?
-7
Let h(i) be the first derivative of -i**4/4 - 8*i**3/3 + 9*i**2/2 + 3*i + 316. Calculate h(-9).
3
Let d be 1/2 + (-4550)/(-20). Let n be d/(-44) - 4/(-22). Let k(m) = m**3 + 4*m**2 - 2*m. Calculate k(n).
-15
Let s(g) = -g**2 - 5*g + 8. Suppose -3 = -7*w - 17. Let n be 3 - (-20)/(w - 0). What is s(n)?
-6
Let h(t) be the second derivative of -t**3/6 - 3*t**2/2 - 2*t. Let w(c) = c + 2. Let i(n) = 5*h(n) + 8*w(n). Let v(y) = 6*y + 50. Let j be v(-8). What is i(j)?
7
Let d(h) be the second derivative of h**5/20 - h**4/4 - 5*h**3/6 - h**2/2 + h + 6. Suppose -2*c = -0 - 2. Let q be c*(2 - (-1 - 1)). What is d(q)?
-5
Let z(g) = g**2 - 3*g - 3. Suppose 3*f + 2*f - 20 = 0. Let y = f - -1. Determine z(y).
7
Suppose -4*h - 4*w + 104 = 0, -3*h + 85 = w - 5*w. Let r(k) = -3 - 17*k - 12*k + h*k. What is r(5)?
-13
Let d(f) = -20*f + 123. Let v be d(6). Let s(x) = x**2 - 3. Give s(v).
6
Let a(g) = -g**3 - g**2 - g - 6. Let w(l) = 2*l**2 + 14*l + 15. Let y be w(-6). Suppose -4*q = -5*k - 15, 4*k = 4*q + y*k - 3. Determine a(q).
-6
Let l(f) = -6*f**3 + 7*f**3 + 16*f - 143 + 15*f**2 + 163. What is l(-14)?
-8
Let k(p) = 1 - 2*p**2 - 4*p**2 + 7*p**2 + 2*p + 0 - 2*p**2. Give k(2).
1
Let t(s) be the third derivative of -s**4/24 + 8*s**3/3 + s**2. Let a be (-20)/25 - 95/(-25). Suppose -3*z + 3*z = a*z. What is t(z)?
16
Let s(w) be the third derivative of 0 - 1/6*w**3 - 24*w**2 + 0*w - 1/3*w**4. Let j be (1 - 1) + 0 - -1. What is s(j)?
-9
Let o = 2167 - 2155. Let j be (0 - 0) + 18/(-2). Let d = j + o. Let i(n) = -4*n - 3. Calculate i(d).
-15
Suppose -k + 5*k = -8. Let z(f) = -3*f + 3. Let p(q) = 3*q. Let n(b) = 8*b. Let d(j) = -4*n(j) + 11*p(j). Let o(u) = -5*d(u) - z(u). Determine o(k).
1
Let f(r) = -r**3 + 7*r**2 - 5*r - 1. Suppose -v - 7 = -11. Suppose -8 = 4*n + 5*c + 8, v*n = -4*c - 12. Let p be 3 - (-2 - 0 - n). Calculate f(p).
5
Let b be 1*-1*(-1 - -4). Let n be (5/1)/(4 + b). Let z(f) = -2*f + 4*f**2 + 12*f**3 - 18*f**3 + 1 + n*f**3. Give z(3).
4
Let b(o) = -11*o**2 - 6*o - 9. Let q(a) = -2*a**2 - a. Let x(l) = b(l) - 6*q(l). Give x(0).
-9
Let m(r) = 3*r**3 - r**2 - 1. Let p(o) = -28*o**3 - 3*o**2 - 4. Let c(f) = 4*m(f) - p(f). Give c(-1).
-41
Let a(s) = 2 - 422*s + 838*s - 9 - 418*s. What is a(5)?
-17
Let z(v) = 3*v - 13. Suppose 5*p - 4*n - 41 = 0, 6*p - 10*p + 5*n + 40 = 0. Give z(p).
2
Let l be 1/(5/35) + -5. Let i(j) = -1 - 4 + 2 + j + 4*j. Give i(l).
7
Let o be ((-36)/8)/(1*(-3)/12). Let s = o - 15. Let i(v) = -v**2 + 2. Calculate i(s).
-7
Let j(q) = 4*q**3 - 5*q**2 - q - 11. Let w = 44 - 49. Let f(u) = u**3 - u - 1. Let r(h) = w*f(h) + j(h). Let k(z) = z**2 + 6*z + 2. Let s be k(-4). Give r(s).
6
Let f(o) = -3*o**2 - 53*o - 52. Let l be f(-1). Let c(w) = -5*w**2 - 2*w + 1. Determine c(l).
-15
Let a(q) = -2*q + 0 + q - 1 - 2. Suppose -3*w + 10 = -3*o + 31, -51 = -3*o - 3*w. Let x = o + -12. Give a(x).
-3
Let u(q) = -q + 2. Let o(n) = n - 2. Let d be o(7). Suppose -z = d*z - 2*z. Give u(z).
2
Let v(q) = -5*q**2 - 4*q - 3. Suppose 4*k + 6*k = 3*k. Suppose 0 = -k*b - 2*b - 5*a - 14, -b + 5*a = -8. What is v(b)?
-15
Let c be 3 + 0/(4 + -1) + 0. Suppose 9 = 4*z + j - 9, c*z - 13 = -j. Let m(y) = -y**3 + 6*y**2 - 5*y + 1. Determine m(z).
1
Let g(x) = -x - 73 - 62 + 133. Give g(-5).
3
Let u(w) = -312*w**3 + 7*w + 155*w**3 + 12 - 5 + 158*w**3 + 6*w**2. Calculate u(-5).
-3
Let t(z) = -2 - 15*z**3 + 2*z - 4*z**2 + 17*z**3 + 7*z**2 + 2*z**2. Determine t(-3).
-17
Suppose -12 = -3*a + a. Let s(u) = u + 5. Let r(p) = -p - 14. Let n(c) = 2*r(c) + 4*s(c). Calculate n(a).
4
Let n(d) = 2*d**3 + 2*d**2 + d + 1. Let m(y) = -5*y**3 + 4*y**2 + 7*y - 7. Let v(u) = m(u) + 2*n(u). Determine v(9).
-5
Let i(m) = -14*m + 18*m + 4 - 5. Let p = -5 + 7. Calculate i(p).
7
Let f(p) = 21 - 8 - 2*p + p**2 + 3*p. Suppose 0 = -1339*q + 1333*q. What is f(q)?
13
Let g = 260 + -262. Let z(b) = -6*b - 2. Give z(g).
10
Let m(a) be the second derivative of a**3/3 + 9*a**2/2 - 23*a + 2. Calculate m(0).
9
Let g(k) = -7*k - 10. Let x(p) = 90 - 3*p - 179 + 84. Let a(d) = 4*g(d) - 10*x(d). Determine a(-10).
-10
Suppose -2*v + 9*r - 14*r = -10, -10 = 5*v - 5*r. Suppose v = 3*m - 10*m - 14. Let t(p) = 2*p**2 - p - 1. Determine t(m).
9
Let d(c) = c**3 + 3*c**2 - c - 3. Let l be (1 - (2 - 2)) + (-27)/(-3). Let u = l - 14. Determine d(u).
-15
Let o(l) = -l**2 + 4*l + 2. Suppose -143*w + 96 = -127*w. Calculate o(w).
-10
Suppose -2*z = 2*v + 4, -5*z + 4*z + v = 2. Let c(f) = -20 + 2*f - 25 - 2*f**3 + 48 - f**2 + 3*f**3. What is c(z)?
-13
Suppose 0 = -5*m - 4*b + 2, -5*b + 7 = -8*m + 12*m. Let v(y) = 5*y**2 + 3*y - 2. Let x(g) = 5*g**2 + 4*g - 3. Let o(l) = -4*v(l) + 3*x(l). Calculate o(m).
-21
Let g(o) = -2 - 20*o - 13*o - 17*o + o**2 + 51*o. Determine g(2).
4
Let u(m) = 12*m + 23. Let x(k) = 34*k + 62. Let j(b) = 14*u(b) - 5*x(b). What is j(-5)?
22
Let c be 2 + 1 - (9 + (1 - 9)). Suppose -c*u - 5 = 7. Let x(y) = y**3 + 5*y**2 - 6*y + 6. Give x(u).
6
Suppose 5*d - m = 152, 0*d + 3*m = 4*d - 126. Suppose -9*v = -4*v + d. Let w(s) = -s + 3. Determine w(v).
9
Let f(v) = v**2 - 4*v - 3. Let d be 5/((-10)/4 - 0). Determine f(d).
9
Let k(j) be the third derivative of -3*j**6/40 + j**5/30 - j**3/6 - j**2. Let s be 4265/(-1706)*(-12)/(-10)*(-1)/3. What is k(s)?
-8
Let g(v) = -v**2 + 27*v - 169. Let u be g(14). Let q(n) = -5*n + 3. Calculate q(u).
-62
Let i(o) = 3*o**3 - o + 1. Suppose 12 = -4*j - 4*t, -56*t + 9 = 2*j - 57*t. Determine i(j).
23
Let q(l) = 2*l + 1. Let i(o) = o**2 - 15*o - 16. Let w(n) = -i(n) - 3*q(n). Give w(10).
3
Let l(f) = -f**3 - 20*f**2 + 67*f - 54. Let i be l(-23). Let c(s) = 3*s + 26. Let v(m) = 2*m + 17. Let n(w) = 5*c(w) - 8*v(w). Give n(i).
2
Suppose 0*x + 2*q = 4*x - 24, -3*x = 5*q - 18. Suppose 4*f + 1 = 9. Let d(w) = -7*w**f + 5 + 2 - 1 - 7 + w**3 + 7*w. What is d(x)?
5
Let w(x) = -10*x - 11. Let q(c) = 2*c + 2. Let m(a) = -11*q(a) - 2*w(a). Give m(-3).
6
Suppose -5*q + 17 = -33. Let p(d) = -d**3 + 10*d**2 - 8. Determine p(q).
-8
Let q be 0 - 9/(9/(-4)). Suppose -2*d + q*d = 36. Suppose -d = 10*s - 13*s. Let o(f) = -f + 2. Determine o(s).
-4
Let x(m) be the second derivative of -m**3/6 - 5*m**2/2 - 2*m. Let u be (-25)/(-10) - 3/2. Suppose r - u = -4. Calculate x(r).
-2
Let k = -64 + 66. Let m(s) = 18*s**k - 2*s**2 - 15*s**2. Let f = 1 + -1. What is m(f)?
0
Let u(k) = k - 2. Let r = -2 - -2. Suppose r*m = -2*m. Suppose m = -2*i - 4*v - 20, 5*i + v = 4*v + 2. What is u(i)?
-4
Let n(b) = -37*b + 36. Let l be n(1). Let y(i) = -4*i**3 + 2*i**2 - i - 1. Let p = 4 + -1. Let h(c) = -c**3 + c**2 + 1. Let o(v) = l*y(v) + p*h(v). Give o(0).
4
Let s(r) = -r**3 - 5*r**2 - 4*r. Let w be s(-5). Suppose -3*d + 7 = -w. Let o(p) = -d - 7*p**2 + 17 - 7. What is o(1)?
-6
Let n(j) = j**3 + 4*j**2 - j - 2. Let c(k) = -k**2 + 1. Let f(r) = 5*c(r) + n(r). Let x = 1351 + -1351. Calculate f(x).
3
Let s(t) be the second derivative of -t**4/12 - 57*t**2/2 - 303*t. Determine s(0).
-57
Let p(k) = -6*k + 1. Let g be 0/(-2 + 9/3). Suppose 4*h + 11 = 4*y + 5*h, 0 = -2*y - 5*h + 19. Suppose -y*t - 5 + 7 = g. Determine p(t).
-5
Let q = -51 + 54. Let p(y) = 2 - y + 1 + q. Determine p(3).
3
Suppose 5*t - 710 = -5*m, 5*t + m + 3*m = 709. Let a be (-2)/(-9) - t/27. Let f be 1*(4 + a)*6. Let w(x) = x**2 + 5*x - 2. Determine w(f).
4
Let z = -139 - -148. Let a(t) = t - 1. What is a(z)?
8
Suppose 0 = 5*k - 2*k. Let i(q) = -2 - 1 + k*q**2 + q**3 - 4*q - 4*q**2. Let s(g) = -g**3 - 3*g**2 + 40*g + 5. Let t be s(5). What is i(t)?
2
Suppose -89 + 103 = 7*a. Let l(h) be the first derivative of -11*h - 1/2*h**a - 5. What is l(-5)?
-6
Suppose -3*y = 3*y. Let f be (0 - -2) + (y - -2). Let l(h) = -h**3 + 4*h**2 + h - 4. Determine l(f).
0
Suppose 5*q = 1 + 9. Let k(n) = 0 - n - 4*n**2 + 7 + n**3 - q - 1. What is k(4)?
0
Let j(f) be the second derivative of f**3 + 0 - 5/2*f